4
What is the hundred millions digit of 5326889691?
3
What is the tens digit of 136390463?
6
What is the hundreds digit of 873780445?
4
What is the hundreds digit of 71340659?
6
What is the millions digit of 907721878?
7
What is the hundred thousands digit of 147650638?
6
What is the thousands digit of 9668798?
8
What is the hundred millions digit of 940265566?
9
What is the millions digit of 192059209?
2
What is the millions digit of 464339929?
4
What is the units digit of 4494157?
7
What is the ten thousands digit of 25265088?
6
What is the ten millions digit of 755292718?
5
What is the ten millions digit of 66772995?
6
What is the ten thousands digit of 86735053?
3
What is the millions digit of 151232593?
1
What is the ten millions digit of 88709404?
8
What is the units digit of 130201449?
9
What is the ten millions digit of 24082742?
2
What is the hundred thousands digit of 656589951?
5
What is the ten thousands digit of 29494547?
9
What is the thousands digit of 1554086763?
6
What is the ten thousands digit of 82333195?
3
What is the ten millions digit of 1500068217?
0
What is the hundred thousands digit of 56946582?
9
What is the millions digit of 1027294445?
7
What is the units digit of 157943111?
1
What is the tens digit of 282903453?
5
What is the millions digit of 200611023?
0
What is the hundreds digit of 859956343?
3
What is the units digit of 514816337?
7
What is the ten thousands digit of 45563842?
6
What is the millions digit of 30589106?
0
What is the hundreds digit of 1275629586?
5
What is the hundred thousands digit of 4848108045?
1
What is the hundreds digit of 14915324?
3
What is the hundreds digit of 78905371?
3
What is the thousands digit of 4405815?
5
What is the ten millions digit of 3924559339?
2
What is the tens digit of 15118184?
8
What is the hundreds digit of 7773622?
6
What is the hundreds digit of 3202678311?
3
What is the ten millions digit of 696435224?
9
What is the hundred millions digit of 333424826?
3
What is the thousands digit of 58436119?
6
What is the thousands digit of 79563545?
3
What is the hundreds digit of 140616498?
4
What is the hundreds digit of 471974361?
3
What is the tens digit of 14817119?
1
What is the thousands digit of 923781315?
1
What is the hundred thousands digit of 2013207821?
2
What is the hundred thousands digit of 61197880?
1
What is the units digit of 311626373?
3
What is the tens digit of 26898997?
9
What is the ten millions digit of 173652564?
7
What is the units digit of 26094733?
3
What is the tens digit of 643296663?
6
What is the millions digit of 36976321?
6
What is the hundreds digit of 152270953?
9
What is the tens digit of 9902441?
4
What is the ten thousands digit of 109259243?
5
What is the thousands digit of 2333895608?
5
What is the tens digit of 41724414?
1
What is the ten thousands digit of 29198561?
9
What is the hundred millions digit of 191892071?
1
What is the thousands digit of 44635175?
5
What is the hundreds digit of 25854150?
1
What is the millions digit of 36456631?
6
What is the units digit of 677183630?
0
What is the thousands digit of 567193562?
3
What is the hundred thousands digit of 471554703?
5
What is the hundred thousands digit of 87188904?
1
What is the hundred thousands digit of 151674998?
6
What is the tens digit of 2706197934?
3
What is the hundreds digit of 1016807260?
2
What is the tens digit of 50580039?
3
What is the millions digit of 7706569969?
6
What is the millions digit of 2780106812?
0
What is the thousands digit of 36363052?
3
What is the units digit of 139130434?
4
What is the millions digit of 2857100?
2
What is the hundred thousands digit of 36344188?
3
What is the hundred thousands digit of 1138836651?
8
What is the millions digit of 136299754?
6
What is the thousands digit of 469890378?
0
What is the billions digit of 4177574819?
4
What is the hundreds digit of 1809031664?
6
What is the hundred thousands digit of 755803580?
8
What is the units digit of 68261371?
1
What is the ten millions digit of 31211894?
3
What is the millions digit of 103483999?
3
What is the thousands digit of 356949515?
9
What is the units digit of 233124118?
8
What is the hundred millions digit of 509498037?
5
What is the millions digit of 3931825795?
1
What is the tens digit of 776101915?
1
What is the millions digit of 438855607?
8
What is the thousands digit of 2975936052?
6
What is the billions digit of 3022128156?
3
What is the hundred thousands digit of 68679664?
6
What is the billions digit of 4149648831?
4
What is the units digit of 1383061440?
0
What is the units digit of 2263469095?
5
What is the thousands digit of 1423470894?
0
What is the hundreds digit of 2078817489?
4
What is the millions digit of 167578750?
7
What is the hundreds digit of 1956941690?
6
What is the hundred thousands digit of 97944546?
9
What is the tens digit of 753902460?
6
What is the hundred thousands digit of 40748186?
7
What is the hundred thousands digit of 355817604?
8
What is the thousands digit of 96688909?
8
What is the ten thousands digit of 18438249?
3
What is the millions digit of 72323821?
2
What is the tens digit of 245534593?
9
What is the hundreds digit of 149547554?
5
What is the hundreds digit of 530071983?
9
What is the millions digit of 1310281375?
0
What is the millions digit of 25164887?
5
What is the millions digit of 87145092?
7
What is the ten thousands digit of 60656744?
5
What is the tens digit of 49841752?
5
What is the units digit of 655259522?
2
What is the hundred millions digit of 487328196?
4
What is the millions digit of 1787606735?
7
What is the millions digit of 17468290?
7
What is the hundred thousands digit of 892853088?
8
What is the hundred millions digit of 228694212?
2
What is the thousands digit of 35249688?
9
What is the hundreds digit of 22341345?
3
What is the hundreds digit of 45041616?
6
What is the hundreds digit of 211700315?
3
What is the tens digit of 44343182?
8
What is the hundred thousands digit of 541851515?
8
What is the ten thousands digit of 65092712?
9
What is the ten thousands digit of 252548610?
4
What is the millions digit of 567525241?
7
What is the hundreds digit of 922528840?
8
What is the hundred thousands digit of 1264393063?
3
What is the hundreds digit of 536508514?
5
What is the tens digit of 84245407?
0
What is the hundred millions digit of 602892766?
6
What is the hundred thousands digit of 237002587?
0
What is the units digit of 75433750?
0
What is the millions digit of 1283390103?
3
What is the millions digit of 16244569?
6
What is the ten millions digit of 3126923521?
2
What is the thousands digit of 452516866?
6
What is the hundred thousands digit of 131225613?
2
What is the ten millions digit of 467910114?
6
What is the hundred thousands digit of 1567717663?
7
What is the tens digit of 245825083?
8
What is the hundred millions digit of 705883262?
7
What is the thousands digit of 6066451659?
1
What is the thousands digit of 5943881115?
1
What is the units digit of 285778671?
1
What is the units digit of 1269526801?
1
What is the millions digit of 121426072?
1
What is the millions digit of 900830709?
0
What is the hundred thousands digit of 663841900?
8
What is the ten thousands digit of 607883171?
8
What is the thousands digit of 1170202889?
2
What is the hundred millions digit of 173364538?
1
What is the thousands digit of 729033807?
3
What is the tens digit of 39566579?
7
What is the ten millions digit of 127929511?
2
What is the billions digit of 1930033418?
1
What is the millions digit of 31867632?
1
What is the thousands digit of 97544868?
4
What is the millions digit of 46517894?
6
What is the billions digit of 1296782114?
1
What is the millions digit of 46697440?
6
What is the ten millions digit of 1994547071?
9
What is the ten thousands digit of 8850586?
5
What is the thousands digit of 602718735?
8
What is the billions digit of 4157928257?
4
What is the units digit of 224164327?
7
What is the ten thousands digit of 314124708?
2
What is the millions digit of 660134226?
0
What is the tens digit of 56601786?
8
What is the ten thousands digit of 97257053?
5
What is the hundreds digit of 154512936?
9
What is the millions digit of 5999290131?
9
What is the millions digit of 56287560?
6
Wh